5, what is 2403 + -41434230?
-41431322
In base 14, what is -6aa7 + -3bc?
-7085
In base 6, what is 1 + -142331135?
-142331134
In base 13, what is -3a77c88 - 3?
-3a77c8b
In base 10, what is 20667647 - -2?
20667649
In base 4, what is 3332 + -3111300?
-3101302
In base 14, what is -dd7 - -3b3b?
2b44
In base 7, what is -1 + 123245?
123244
In base 9, what is -388 + 7433?
7034
In base 8, what is 12214501 + 14?
12214515
In base 5, what is 101 + -123233121?
-123233020
In base 13, what is -1245a - -6?
-12454
In base 5, what is 1210 - -11301440?
11303200
In base 3, what is 10 + 11201100001102?
11201100001112
In base 6, what is -20051202255 + -3?
-20051202302
In base 5, what is -2240 - 11223011?
-11230301
In base 16, what is -169 - 494?
-5fd
In base 3, what is 12 - -210020110121220?
210020110122002
In base 11, what is 122571 + -327?
122245
In base 2, what is 1001111001011111100011101101 - -1010?
1001111001011111100011110111
In base 13, what is a + 4538b6?
4538c3
In base 14, what is -395547b - 3?
-3955480
In base 5, what is 2 + -241103220120?
-241103220113
In base 8, what is -4425207 + 10?
-4425177
In base 13, what is -550a2 - 168?
-5523a
In base 8, what is -4 + 75507432?
75507426
In base 12, what is 28 - -1a57a59?
1a57a85
In base 3, what is -100112 + -1121112000022?
-1121112100211
In base 3, what is 12201111100011202 - 2?
12201111100011200
In base 16, what is -8 + 273e80e?
273e806
In base 4, what is -201033 - 2130130?
-2331223
In base 12, what is -2 + 17895834?
17895832
In base 10, what is -13317 - 1828?
-15145
In base 8, what is 77 - 2145705?
-2145606
In base 5, what is 2 + 4114341314?
4114341321
In base 11, what is 25 + 177509?
177533
In base 8, what is -3527516 - -236?
-3527260
In base 2, what is 10111111 - -11101111001010000?
11101111100001111
In base 4, what is -1 + -22212013001?
-22212013002
In base 5, what is 23004013311 - -12?
23004013323
In base 3, what is -100222110 + 10220222?
-20001111
In base 9, what is 11531327 - 3?
11531324
In base 6, what is -4 - -13051121404?
13051121400
In base 10, what is 449 + -55729?
-55280
In base 12, what is 13a + -371b0?
-37072
In base 8, what is 25 + 75554310?
75554335
In base 5, what is -3 - 34443223442?
-34443224000
In base 6, what is 11011 - 2312?
4255
In base 3, what is -21112212 - -2011201?
-12101011
In base 15, what is 1a06d7b - 4?
1a06d77
In base 8, what is 1042757 + -2616?
1040141
In base 9, what is -2 - -123558021?
123558018
In base 11, what is 18319a - 34?
183166
In base 11, what is 58464 + 536a?
62823
In base 7, what is 112304 + -30165?
52106
In base 13, what is -4186704 - -2?
-4186702
In base 9, what is 31371 - 2725?
27545
In base 3, what is -122 - 120210102012210?
-120210102020102
In base 14, what is -2 + -265ddd?
-266001
In base 13, what is 1987 + -437?
1550
In base 16, what is 12b - -11765?
11890
In base 9, what is 21 + -523310?
-523278
In base 9, what is -13746443 - -4?
-13746438
In base 16, what is -1f29 + -4d35?
-6c5e
In base 11, what is 21a - -159a9?
16118
In base 12, what is 2 + 525507b?
5255081
In base 8, what is -3 + 27020?
27015
In base 11, what is a + 317900?
31790a
In base 4, what is -1131332 - -10300?
-1121032
In base 9, what is 141 - 2310431?
-2310280
In base 16, what is 6f - -2ef?
35e
In base 6, what is 52532512 + -1532?
52530540
In base 7, what is -34 + -10060663?
-10061030
In base 14, what is -80867 - -1b0?
-80697
In base 13, what is 42318 + c4?
4240c
In base 10, what is -710022 - -199?
-709823
In base 2, what is -100 - -10010000001110101100011100?
10010000001110101100011000
In base 5, what is 44132130 + -20104?
44112021
In base 9, what is 2336208 - -111?
2336320
In base 3, what is 120111200102000 + 101?
120111200102101
In base 14, what is -40a5 - 7ab1?
-bb76
In base 4, what is -11013 + -1333202?
-2010221
In base 2, what is -10011000111100 - -11111100000100?
1100011001000
In base 10, what is 59 + -645321?
-645262
In base 14, what is -35 + 5667d?
56648
In base 4, what is -20131322320 - 3?
-20131322323
In base 10, what is 19575 + -255?
19320
In base 11, what is 945 + -12942?
-11aa8
In base 4, what is -1 - 10301313032?
-10301313033
In base 3, what is -210012101 + -1002002011?
-1212021112
In base 16, what is -22ba + -2804?
-4abe
In base 9, what is -61 - -1538317?
1538246
In base 13, what is 5ab447 + -17?
5ab430
In base 15, what is -597d6 - -26?
-597b0
In base 3, what is -2010011 + -111121102?
-120201120
In base 4, what is 1033032111 - 233?
1033031212
In base 12, what is 2 - 68ba5a30?
-68ba5a2a
In base 4, what is -12 + 332201012?
332201000
In base 11, what is -2820a00 - a?
-2820a0a
In base 4, what is 10 + 101230?
101300
In base 14, what is 0 + 7c26c3?
7c26c3
In base 14, what is -1150ca2c + 3?
-1150ca29
In base 9, what is -2204 + 238267?
236063
In base 8, what is 363 + 325014?
325377
In base 14, what is b397 + 300?
b697
In base 13, what is 2 - a656952?
-a656950
In base 11, what is -133214a + 75?
-1332085
In base 13, what is 51c4 - cb51?
-795a
In base 8, what is 531041 - 100?
530741
In base 8, what is -5 - 134411133?
-134411140
In base 14, what is -c818 - 14ad?
-dcc7
In base 10, what is 39329211 + -19?
39329192
In base 2, what is 1110100111111110101111011001 + 10?
1110100111111110101111011011
In base 7, what is -65334366 + -23?
-65334422
In base 3, what is 1022221110 + 20120?
1100012000
In base 12, what is 108 - 1a6936?
-1a682a
In base 15, what is 396743d6 + -5?
396743d1
In base 2, what is -11101100001011000 - 100111010011?
-11110001000101011
In base 16, what is -2 + -21f3ae?
-21f3b0
In base 4, what is 122112 + 22232320?
23021032
In base 7, what is 52 + 221030501?
221030553
In base 8, what is -314 + -10051764?
-10052300
In base 14, what is -b - 581bd1?
-581bdc
In base 9, what is -7 - 36372535?
-36372543
In base 10, what is 17 + 115053?
115070
In base 10, what is 35624 - 668?
34956
In base 4, what is 132 - 230022023?
-230021231
In base 14, what is -7b1 - 31019?
-317ca
In base 16, what is -53f95 - -bf?
-53ed6
In base 7, what is -5 + 334663524?
334663516
In base 12, what is 2001 + -2768?
-767
In base 3, what is -200200222 - 2021102?
-202222101
In base 2, what is 1100 + -100111011101101011101111111?
-100111011101101011101110011
In base 9, what is 43 + -773348?
-773305
In base 8, what is -1271470 - -226?
-1271242
In base 4, what is 21121031 - 130121?
20330310
In base 9, what is 11136 - 7870?
2156
In base 11, what is 11 + 1a88203?
1a88214
In base 5, what is 2400443200314 + -4?
2400443200310
In base 10, what is 3000 + -180696?
-177696
In base 8, what is 130 - -12677?
13027
In base 3, what is -122122012 + -1121222?
-201021011
In base 5, what is -3 - 1122020421?
-1122020424
In base 11, what is 765352 - -10?
765362
In base 9, what is 57885715 - 5?
57885710
In base 12, what is 162970 + 143?
162ab3
In base 12, what is -5 - -317b7310?
317b7307
In base 14, what is b3 + 9376?
9449
In base 14, what is 6 - -1db0d0?
1db0d6
In base 8, what is -302 - 72776?
-73300
In base 8, what is 125 + 320206?
320333
In base 6, what is 4553140051 - 0?
4553140051
In base 9, what is -33443031 - -2?
-33443028
In base 3, what is -11221121 + -21111?
-12020002
In base 2, what is -100000111100 + -10100110100011?
-11000111011111
In base 12, what is 49a715 - -7?
49a720
In base 14, what is -b - 406b5bc?
-406b5c9
In base 11, what is 105 - 14460?
-14356
In base 15, what is -d5 - 2803d?
-28123
In base 16, what is 5adfbb - -a?
5adfc5
In base 2, what is 11011110101000011101110 + -11?
11011110101000011101011
In base 10, what is -11343 - -3318?
-8025
In base 6, what is 1243 - -21123105?
21124352
In base 5, what is 32311222021 + -2?
32311222014
In base 6, what is -11001423 + 1353?
-11000030
In base 4, what is 30032322313 + 3?
30032322322
In base 13, what is 1cc051 - 1?
1cc050
In base 5, what is -10 - 11041230430?
-11041230440
In base 8, what is 531344625 + -2?
531344623
In base 6, what is -2235052 - -13?
-2235035
In base 11, what is -4 - -77a2184?
77a2180
In base 7, what is -222424 + -30?
-222454
In base 15, what is 21 - be7?
-bc6
In base 6, what is 22 + 30354410?
30354432
In base 2, what is -1110 + 111110000100?
111101110110
In base 8, what is 1 - -1542624?
1542625
In base 15, what is -102c + -391c?
-4949
In base 11, what is a92a237 + 4?
a92a240
In base 14, what is -45557 + d?
-45548
In base 9, what is -161 + -1356045?
-1356216
In base 1